{"id":10,"date":"2019-08-16T22:09:20","date_gmt":"2019-08-16T21:09:20","guid":{"rendered":"http:\/\/test.puel.de\/?page_id=10"},"modified":"2020-02-23T15:44:07","modified_gmt":"2020-02-23T14:44:07","slug":"wer-sind-wir","status":"publish","type":"page","link":"https:\/\/test.puel.de\/?page_id=10","title":{"rendered":"Unsere Geschichte"},"content":{"rendered":"<div data-label=\"About us\" data-id=\"about-image-section-pro\" data-category=\"about\" class=\"about-image-section-pro\" id=\"about-us-2\"  style=\"background-color: rgb(255, 255, 255);\">\n<div class=\"gridContainer\" >\n<div class=\"row about-image-gridcol-pro\" >\n<div class=\"about-image-textcol-pro\" data-type=\"column\" >\n<p class=\"\" >Im Herbst 2018 fand sich eine kleine Gruppe von Personen zusammen, die sich f\u00fcr die Idee einer SoLaWi hier in Eggenstein-Leopoldshafen begeistern konnte. Gemeinsam schufen wir in der folgenden Zeit die Grundlagen f\u00fcr den Start eines solidarischen Gem\u00fcseanbaus. <\/p>\n<p>In unserem ersten Erntejahr 2019 konnten wir (in Eigenregie) bereits erste Erfahrungen auf einem kleinen Grundst\u00fcck hinter der Gemeinschaftsschule in Eggenstein machen. Seit dem 1. Juli 2019 sind wir offiziell ein Verein. Zudem haben wir uns mit anderen SoLaWis in der Region, aber auch mit Organisationen innerhalb der Gemeinde vernetzt und stehen in stetigem Austausch mit ihnen. <\/p>\n<p>Seit Januar 2020 arbeiten wir mit der G\u00e4rtnerei Oesterle zusammen. Insgesamt bewirtschaften wir rund 950 m\u00b2 mit Gem\u00fcse. Au\u00dferdem steht uns eine weitere Fl\u00e4che mit ca. 1.500 m\u00b2 zur Verf\u00fcgung, die wir zun\u00e4chst f\u00fcr die Anpflanzung von Gr\u00fcnd\u00fcngung nutzen. In das Erntejahr 2020 starten wir mit 20 Ernteanteilen\/Mitgliedern \u2013 darunter Jung und Alt, Singles sowie Familien.<\/p>\n<\/p><\/div>\n<div data-type=\"column\" class=\"\" >  <\/div>\n<\/p><\/div>\n<\/p><\/div>\n<\/p><\/div>\n","protected":false},"excerpt":{"rendered":"<p>Im Herbst 2018 fand sich eine kleine Gruppe von Personen zusammen, die sich f\u00fcr die Idee einer SoLaWi hier in Eggenstein-Leopoldshafen begeistern konnte. Gemeinsam schufen wir in der folgenden Zeit<\/p>\n<p><a href=\"https:\/\/test.puel.de\/?page_id=10\" class=\"more-link\">Continue reading<span class=\"screen-reader-text\">Unsere Geschichte<\/span><\/a><\/p>\n","protected":false},"author":1,"featured_media":0,"parent":0,"menu_order":0,"comment_status":"closed","ping_status":"closed","template":"full-width-page.php","meta":[],"_links":{"self":[{"href":"https:\/\/test.puel.de\/index.php?rest_route=\/wp\/v2\/pages\/10"}],"collection":[{"href":"https:\/\/test.puel.de\/index.php?rest_route=\/wp\/v2\/pages"}],"about":[{"href":"https:\/\/test.puel.de\/index.php?rest_route=\/wp\/v2\/types\/page"}],"author":[{"embeddable":true,"href":"https:\/\/test.puel.de\/index.php?rest_route=\/wp\/v2\/users\/1"}],"replies":[{"embeddable":true,"href":"https:\/\/test.puel.de\/index.php?rest_route=%2Fwp%2Fv2%2Fcomments&post=10"}],"version-history":[{"count":3,"href":"https:\/\/test.puel.de\/index.php?rest_route=\/wp\/v2\/pages\/10\/revisions"}],"predecessor-version":[{"id":258,"href":"https:\/\/test.puel.de\/index.php?rest_route=\/wp\/v2\/pages\/10\/revisions\/258"}],"wp:attachment":[{"href":"https:\/\/test.puel.de\/index.php?rest_route=%2Fwp%2Fv2%2Fmedia&parent=10"}],"curies":[{"name":"wp","href":"https:\/\/api.w.org\/{rel}","templated":true}]}}